s the remainder when 1772865 is divided by 1772801?
64
What is the remainder when 144034 is divided by 9097?
7579
What is the remainder when 26418505 is divided by 30?
25
What is the remainder when 2814872 is divided by 2814864?
8
What is the remainder when 2631976 is divided by 329?
305
Calculate the remainder when 14443654 is divided by 3164.
3158
Calculate the remainder when 16224520 is divided by 5.
0
Calculate the remainder when 17945 is divided by 14899.
3046
Calculate the remainder when 134333548 is divided by 42.
34
Calculate the remainder when 114573 is divided by 12709.
192
What is the remainder when 9656998 is divided by 20?
18
What is the remainder when 69483 is divided by 2913?
2484
Calculate the remainder when 2256159 is divided by 4780.
4779
Calculate the remainder when 158530 is divided by 868.
554
Calculate the remainder when 2799217 is divided by 25.
17
Calculate the remainder when 3794275 is divided by 948568.
3
Calculate the remainder when 2978063 is divided by 1909.
23
What is the remainder when 147509502 is divided by 99?
96
What is the remainder when 70002 is divided by 34894?
214
What is the remainder when 23097061 is divided by 473?
471
What is the remainder when 13809740 is divided by 383603?
32
What is the remainder when 396581 is divided by 8434?
183
Calculate the remainder when 141349 is divided by 2.
1
What is the remainder when 21452 is divided by 21360?
92
What is the remainder when 32001802 is divided by 172?
170
What is the remainder when 7351079 is divided by 2450344?
47
Calculate the remainder when 16849225 is divided by 493.
457
What is the remainder when 247358 is divided by 123664?
30
What is the remainder when 12829164 is divided by 18811?
62
Calculate the remainder when 1991185 is divided by 33.
31
What is the remainder when 420863 is divided by 475?
13
Calculate the remainder when 2581379 is divided by 2729.
2474
Calculate the remainder when 15215193 is divided by 295.
273
What is the remainder when 670860 is divided by 670856?
4
Calculate the remainder when 4018 is divided by 892.
450
Calculate the remainder when 288257144 is divided by 2.
0
What is the remainder when 157162 is divided by 5329?
2621
What is the remainder when 3016837 is divided by 158?
143
Calculate the remainder when 82807 is divided by 1747.
698
What is the remainder when 260846 is divided by 6871?
6619
What is the remainder when 20361820 is divided by 1858?
1856
Calculate the remainder when 90416 is divided by 5904.
1856
Calculate the remainder when 44749 is divided by 1281.
1195
Calculate the remainder when 372790 is divided by 1555.
1145
What is the remainder when 19588 is divided by 874?
360
Calculate the remainder when 1732011 is divided by 288668.
3
Calculate the remainder when 26081078 is divided by 40.
38
Calculate the remainder when 21823764 is divided by 37.
17
Calculate the remainder when 3554180 is divided by 1777089.
2
What is the remainder when 186279 is divided by 91391?
3497
Calculate the remainder when 34483494 is divided by 474.
468
Calculate the remainder when 63452956 is divided by 1539.
1525
What is the remainder when 2477926 is divided by 60?
46
What is the remainder when 7006137 is divided by 538932?
21
What is the remainder when 10881905 is divided by 9479?
13
Calculate the remainder when 628884 is divided by 3930.
84
Calculate the remainder when 15923 is divided by 3059.
628
Calculate the remainder when 46385 is divided by 9236.
205
What is the remainder when 52288304 is divided by 31?
15
Calculate the remainder when 198806 is divided by 7880.
1806
What is the remainder when 3483451 is divided by 192?
187
Calculate the remainder when 8435620 is divided by 8435595.
25
What is the remainder when 375510 is divided by 11050?
10860
Calculate the remainder when 9653818 is divided by 159.
133
What is the remainder when 9096 is divided by 1367?
894
What is the remainder when 205537 is divided by 51335?
197
What is the remainder when 118507429 is divided by 26?
1
What is the remainder when 224589 is divided by 1172?
737
Calculate the remainder when 40875 is divided by 5076.
267
Calculate the remainder when 559533 is divided by 279318.
897
What is the remainder when 85584 is divided by 85184?
400
What is the remainder when 11113346 is divided by 1389167?
10
Calculate the remainder when 1752309 is divided by 19.
15
Calculate the remainder when 209280 is divided by 3116.
508
Calculate the remainder when 158096 is divided by 3098.
98
What is the remainder when 110191 is divided by 36710?
61
Calculate the remainder when 317849 is divided by 373.
53
Calculate the remainder when 8829 is divided by 2863.
240
What is the remainder when 143539 is divided by 71520?
499
What is the remainder when 19973376 is divided by 20?
16
What is the remainder when 8456313 is divided by 1691252?
53
What is the remainder when 12403562 is divided by 1127595?
17
Calculate the remainder when 102672 is divided by 33058.
3498
Calculate the remainder when 127132 is divided by 24.
4
What is the remainder when 5548377 is divided by 190?
187
What is the remainder when 1870332 is divided by 143869?
35
What is the remainder when 36274525 is divided by 191?
187
What is the remainder when 18395767 is divided by 4598940?
7
Calculate the remainder when 9937 is divided by 125.
62
Calculate the remainder when 564243 is divided by 197.
35
Calculate the remainder when 797516685 is divided by 1416.
1413
What is the remainder when 215639 is divided by 6517?
578
Calculate the remainder when 203302180 is divided by 25.
5
Calculate the remainder when 8362116 is divided by 190044.
180
What is the remainder when 10961879 is divided by 2740469?
3
Calculate the remainder when 10946 is divided by 3499.
449
What is the remainder when 1481893 is divided by 296378?
3
Calculate the remainder when 438674 is divided by 109638.
122
Calculate the remainder when 5695 is divided by 2777.
141
Calculate the remainder when 43053878 is divided by 1989.
1973
Calculate the remainder when 628670 is divided by 27.
2
What is the remainder when 161797 is divided by 12534?
11389
What is the remainder when 2724008 is divided by 1158?
392
What is the remainder when 1082310 is divided by 200?
110
Calculate the remainder when 4980092 is divided by 368.
316
Calculate the remainder when 41516 is divided by 8189.
571
Calculate the remainder when 16169731 is divided by 4042432.
3
Calculate the remainder when 3276 is divided by 132.
108
What is the remainder when 260008 is divided by 1957?
1684
What is the remainder when 238438807 is divided by 348?
343
What is the remainder when 2347177 is divided by 517?
514
Calculate the remainder when 1981483 is divided by 1981471.
12
Calculate the remainder when 485897 is divided by 275.
247
Calculate the remainder when 6716251 is divided by 2507.
2505
What is the remainder when 27560 is divided by 4011?
3494
Calculate the remainder when 94027525 is divided by 326.
323
Calculate the remainder when 82828 is divided by 2823.
961
What is the remainder when 7043140 is divided by 782567?
37
Calculate the remainder when 141667121 is divided by 10119079.
15
What is the remainder when 172475 is divided by 384?
59
Calculate the remainder when 7899618 is divided by 117.
12
What is the remainder when 3224670 is divided by 40307?
110
What is the remainder when 9017247 is divided by 3005744?
15
What is the remainder when 314525 is divided by 78565?
265
What is the remainder when 3074482 is divided by 83093?
41
Calculate the remainder when 98433 is divided by 1723.
222
Calculate the remainder when 2182133 is divided by 30.
23
What is the remainder when 67523 is divided by 13228?
1383
Calculate the remainder when 1342942 is divided by 96.
94
What is the remainder when 62933 is divided by 57304?
5629
Calculate the remainder when 21645022 is divided by 47.
18
Calculate the remainder when 37227 is divided by 2848.
203
Calculate the remainder when 2303084 is divided by 2367.
2360
What is the remainder when 364047812 is divided by 1426?
1420
What is the remainder when 638522 is divided by 319199?
124
What is the remainder when 875034 is divided by 2454?
1410
What is the remainder when 94875290 is divided by 4569?
5
What is the remainder when 55482 is divided by 9237?
60
What i